649425?
4
What is the millions digit of 20370724?
0
What is the hundred thousands digit of 744309523?
3
What is the units digit of 1805433358?
8
What is the ten thousands digit of 57144046?
4
What is the thousands digit of 37837401?
7
What is the hundred millions digit of 221078812?
2
What is the ten thousands digit of 192735587?
3
What is the thousands digit of 1317618948?
8
What is the ten millions digit of 2794956725?
9
What is the ten thousands digit of 467288086?
8
What is the millions digit of 617158597?
7
What is the units digit of 49200076?
6
What is the millions digit of 1190084465?
0
What is the tens digit of 60595917?
1
What is the units digit of 115003809?
9
What is the hundreds digit of 1939009284?
2
What is the ten millions digit of 148240646?
4
What is the hundred thousands digit of 250288823?
2
What is the tens digit of 665153610?
1
What is the units digit of 161633021?
1
What is the hundreds digit of 622894011?
0
What is the ten millions digit of 3804675738?
0
What is the hundreds digit of 157794541?
5
What is the ten thousands digit of 953462771?
6
What is the hundred thousands digit of 91647553?
6
What is the tens digit of 492958778?
7
What is the ten millions digit of 1084825257?
8
What is the hundreds digit of 2745117222?
2
What is the ten millions digit of 351021328?
5
What is the ten thousands digit of 77599824?
9
What is the ten thousands digit of 251199323?
9
What is the billions digit of 1110308112?
1
What is the thousands digit of 983415623?
5
What is the tens digit of 1733928473?
7
What is the hundred thousands digit of 5440647831?
6
What is the hundreds digit of 206083990?
9
What is the hundred millions digit of 686292813?
6
What is the thousands digit of 289900722?
0
What is the units digit of 979061259?
9
What is the thousands digit of 1323916131?
6
What is the hundred millions digit of 6723473147?
7
What is the hundreds digit of 64088072?
0
What is the tens digit of 1269263193?
9
What is the hundred thousands digit of 1238407809?
4
What is the hundreds digit of 3400158315?
3
What is the tens digit of 2476870710?
1
What is the ten millions digit of 2237813694?
3
What is the tens digit of 3108060393?
9
What is the units digit of 2825190210?
0
What is the tens digit of 908202819?
1
What is the hundred thousands digit of 189846756?
8
What is the hundred thousands digit of 1818780411?
7
What is the ten thousands digit of 96681196?
8
What is the hundred thousands digit of 909189?
9
What is the units digit of 1583944277?
7
What is the ten thousands digit of 1982068512?
6
What is the hundred thousands digit of 67809716?
8
What is the tens digit of 2596291802?
0
What is the hundreds digit of 5088946?
9
What is the hundred millions digit of 457998908?
4
What is the ten thousands digit of 68224745?
2
What is the millions digit of 394025526?
4
What is the hundreds digit of 1058388280?
2
What is the ten thousands digit of 3884341?
8
What is the hundred thousands digit of 1687375989?
3
What is the millions digit of 134214951?
4
What is the tens digit of 16201009?
0
What is the hundred thousands digit of 1167749081?
7
What is the millions digit of 143524597?
3
What is the ten thousands digit of 1475720627?
2
What is the thousands digit of 418203152?
3
What is the hundreds digit of 75588453?
4
What is the ten millions digit of 88798505?
8
What is the units digit of 611479919?
9
What is the tens digit of 112481708?
0
What is the tens digit of 355371889?
8
What is the hundreds digit of 2754329509?
5
What is the tens digit of 57886738?
3
What is the tens digit of 5558188?
8
What is the ten thousands digit of 29757506?
5
What is the ten millions digit of 28840746?
2
What is the hundreds digit of 117948196?
1
What is the ten thousands digit of 952999261?
9
What is the ten thousands digit of 7245138097?
3
What is the tens digit of 3944261333?
3
What is the hundreds digit of 262003937?
9
What is the millions digit of 332917510?
2
What is the ten millions digit of 680057426?
8
What is the ten millions digit of 92075147?
9
What is the hundreds digit of 1403616077?
0
What is the ten thousands digit of 385608?
8
What is the tens digit of 286492905?
0
What is the tens digit of 38476092?
9
What is the hundreds digit of 6780161334?
3
What is the millions digit of 59646068?
9
What is the hundreds digit of 59946578?
5
What is the units digit of 44147678?
8
What is the ten millions digit of 206008934?
0
What is the units digit of 2079697423?
3
What is the hundred millions digit of 342912192?
3
What is the millions digit of 251922969?
1
What is the hundreds digit of 33560581?
5
What is the millions digit of 97757118?
7
What is the millions digit of 56554736?
6
What is the hundred millions digit of 702080817?
7
What is the tens digit of 38911206?
0
What is the hundred thousands digit of 4889917666?
9
What is the thousands digit of 2245120?
5
What is the ten thousands digit of 513281004?
8
What is the hundred thousands digit of 129613307?
6
What is the thousands digit of 65186382?
6
What is the millions digit of 8413099974?
3
What is the ten thousands digit of 304683459?
8
What is the units digit of 719604123?
3
What is the ten thousands digit of 7745726?
4
What is the thousands digit of 12059111?
9
What is the hundreds digit of 34448937?
9
What is the ten millions digit of 144718447?
4
What is the ten thousands digit of 20642390?
4
What is the ten thousands digit of 274928775?
2
What is the hundreds digit of 289598955?
9
What is the hundred millions digit of 1126339205?
1
What is the millions digit of 74240954?
4
What is the hundred thousands digit of 80280622?
2
What is the hundred thousands digit of 3907542223?
5
What is the ten thousands digit of 133792194?
9
What is the millions digit of 231299667?
1
What is the tens digit of 4730718?
1
What is the hundred thousands digit of 172080517?
0
What is the hundreds digit of 30775011?
0
What is the hundred thousands digit of 1293020137?
0
What is the millions digit of 29955383?
9
What is the billions digit of 2775981288?
2
What is the tens digit of 1615449458?
5
What is the tens digit of 181496429?
2
What is the millions digit of 553383258?
3
What is the thousands digit of 726288415?
8
What is the hundreds digit of 82630?
6
What is the hundreds digit of 1197753906?
9
What is the hundred millions digit of 669076268?
6
What is the tens digit of 762748715?
1
What is the hundreds digit of 31718271?
2
What is the millions digit of 123771447?
3
What is the ten millions digit of 319512143?
1
What is the ten thousands digit of 40248616?
4
What is the thousands digit of 301262900?
2
What is the thousands digit of 10805152?
5
What is the thousands digit of 1296713979?
3
What is the thousands digit of 228824979?
4
What is the units digit of 268297768?
8
What is the thousands digit of 58749555?
9
What is the hundred thousands digit of 183657276?
6
What is the hundred millions digit of 223588848?
2
What is the hundred millions digit of 149861581?
1
What is the ten thousands digit of 1647964667?
6
What is the hundred thousands digit of 666449703?
4
What is the ten thousands digit of 3324395413?
9
What is the ten thousands digit of 937272129?
7
What is the tens digit of 2259009273?
7
What is the units digit of 86396044?
4
What is the ten thousands digit of 368633144?
3
What is the ten thousands digit of 125117540?
1
What is the ten millions digit of 294439421?
9
What is the thousands digit of 69717616?
7
What is the millions digit of 60669148?
0
What is the thousands digit of 127397225?
7
What is the hundred thousands digit of 39517357?
5
What is the units digit of 162586549?
9
What is the hundred thousands digit of 543204185?
2
What is the ten thousands digit of 1073966795?
6
What is the thousands digit of 270624639?
4
What is the thousands digit of 22959682?
9
What is the ten thousands digit of 3461998457?
9
What is the ten thousands digit of 12971337?
7
What is the ten thousands digit of 4722675262?
7
What is the units digit of 155036191?
1
What is the millions digit of 634531416?
4
What is the hundred millions digit of 334757941?
3
What is the hundred millions digit of 168130778?
1
What is the ten thousands digit of 1538329922?
2
What is the hundred thousands digit of 26877150?
8
What is the hundreds digit